3, what is 193cc4 - -4?
193cc8
In base 11, what is 12a094 + -4?
12a090
In base 14, what is 3 - -a072a?
a072d
In base 9, what is 30005 - 0?
30005
In base 10, what is -5 + -10929?
-10934
In base 13, what is -12ac9 + -30?
-12b29
In base 11, what is 11 - 1371?
-1360
In base 7, what is 15 + -42556?
-42541
In base 2, what is 111 - 11110101110111000?
-11110101110110001
In base 5, what is -1243010 + -41?
-1243101
In base 8, what is 101 + -244?
-143
In base 14, what is -184 + 97?
-cb
In base 4, what is -1132032 + 13?
-1132013
In base 14, what is 7651d5 - 4?
7651d1
In base 8, what is 25217 - 11?
25206
In base 5, what is -2 + -133143?
-133200
In base 12, what is -13521 + -3?
-13524
In base 11, what is 97 - -409?
4a5
In base 3, what is -20 - 1111222?
-1112012
In base 13, what is -1 + -180b?
-180c
In base 6, what is 42 - -5552?
10034
In base 10, what is 585 - 92?
493
In base 11, what is 659 + 756?
1304
In base 8, what is 211164 + 3?
211167
In base 16, what is 2bf - -d4?
393
In base 8, what is -143 + 262?
117
In base 6, what is 1120342 - 23?
1120315
In base 14, what is 8 + -1441?
-1437
In base 4, what is 130213200 + 3?
130213203
In base 9, what is 22842 - 2?
22840
In base 5, what is -220010 + -230?
-220240
In base 13, what is 45 + -497?
-452
In base 9, what is 268 + -85?
173
In base 16, what is 1 - ec8c6?
-ec8c5
In base 16, what is -4707 - -7?
-4700
In base 7, what is -200436 + -2?
-200441
In base 8, what is 60473 + 3?
60476
In base 14, what is 0 - -7a363?
7a363
In base 6, what is -4 + -55441?
-55445
In base 9, what is 658400 - 0?
658400
In base 4, what is -132230302 - 10?
-132230312
In base 4, what is 1 - -22333122?
22333123
In base 14, what is 47 - 417?
-3b0
In base 13, what is 3 - 11c4?
-11c1
In base 6, what is 13 - -525045?
525102
In base 6, what is -4 - 11401?
-11405
In base 4, what is 1230012 - 0?
1230012
In base 5, what is 140330 - 30?
140300
In base 6, what is -4220 - 10?
-4230
In base 11, what is 65 + -24404?
-2434a
In base 11, what is -3 - 232588?
-232590
In base 14, what is 196 - -82?
238
In base 16, what is 3d - f3f?
-f02
In base 2, what is -101110011 - -10100101?
-11001110
In base 5, what is 0 - -41201433?
41201433
In base 7, what is 5 - 262305?
-262300
In base 16, what is 5a2 - -64?
606
In base 15, what is 1 - 425?
-424
In base 6, what is -3500 - -1415?
-2041
In base 6, what is -2115 + 24?
-2051
In base 11, what is -20 - -47a5?
4785
In base 7, what is 15531 - 41?
15460
In base 4, what is 121230030 + -1?
121230023
In base 15, what is 1 + -1de28c?
-1de28b
In base 11, what is -27 - -998?
971
In base 6, what is 220 + 1503?
2123
In base 13, what is -81b - -1?
-81a
In base 2, what is 10011 - 110100010111?
-110100000100
In base 9, what is 762 - -2?
764
In base 9, what is 1 + 671873?
671874
In base 6, what is -42 + 13021?
12535
In base 2, what is 10001000 - -11000111011?
11011000011
In base 3, what is 20200 + -1120?
12010
In base 7, what is 12 + 343211?
343223
In base 6, what is 14444 + 1110?
15554
In base 12, what is 3 + 331991?
331994
In base 2, what is -1000 - 110100000?
-110101000
In base 15, what is -33b - 20a?
-546
In base 9, what is -34 - 272?
-316
In base 2, what is 10010100 - 11110000?
-1011100
In base 11, what is 3 + 4178?
4180
In base 15, what is 6 + -ca03?
-c9ec
In base 9, what is 244 + -85?
148
In base 14, what is 5 - -2192b6?
2192bb
In base 9, what is 3880 - 46?
3833
In base 5, what is 2 + 11233403?
11233410
In base 9, what is -6465 - 214?
-6680
In base 3, what is 2 + 10110010?
10110012
In base 12, what is 40 + 341?
381
In base 6, what is 10 + 145315?
145325
In base 6, what is -1242 + -22?
-1304
In base 16, what is 0 - -efa4?
efa4
In base 12, what is -119 + 514?
3b7
In base 11, what is -975679 + -3?
-975681
In base 13, what is 1a + -5171?
-5154
In base 9, what is -115810 + -2?
-115812
In base 7, what is -3021525 + 1?
-3021524
In base 10, what is -1203 - 30?
-1233
In base 7, what is -2 - 20?
-22
In base 2, what is 1010101101100 + -10010011?
1010011011001
In base 10, what is 64402 - -18?
64420
In base 6, what is -155 + 2100?
1501
In base 14, what is -2c33 + 59?
-2bb8
In base 2, what is -1001100001000001110 + 0?
-1001100001000001110
In base 12, what is -2 + 8462?
8460
In base 4, what is -32130310 + -10?
-32130320
In base 15, what is 4 + b6?
ba
In base 8, what is -731 + -57?
-1010
In base 16, what is 2ea4 + 9b?
2f3f
In base 13, what is 169 - -66?
202
In base 7, what is 101 + 112?
213
In base 16, what is -1105b + 6?
-11055
In base 2, what is 1000100010010100 - -101?
1000100010011001
In base 13, what is 8607 + b?
8615
In base 12, what is 176 + -a51?
-897
In base 6, what is 145304 + 22?
145330
In base 12, what is 2ba - -172?
470
In base 5, what is 2041 + -101401?
-44310
In base 15, what is -35 - -c69?
c34
In base 3, what is -200 - 2010011022?
-2010011222
In base 6, what is 453 + 14045?
14542
In base 14, what is 490 - 70?
420
In base 12, what is 1048 + 2?
104a
In base 8, what is 42 + 14121?
14163
In base 7, what is -511 - 31?
-542
In base 2, what is 10 + -100011000100010?
-100011000100000
In base 13, what is -134441 - -1?
-134440
In base 5, what is -10 - -2321434?
2321424
In base 7, what is -2 + 1065?
1063
In base 5, what is 132330 + 23?
132403
In base 15, what is 507 - dc?
41a
In base 9, what is -143 - 1417?
-1561
In base 6, what is 21 - -52155?
52220
In base 15, what is a - -2690?
269a
In base 14, what is -b19 - 3?
-b1c
In base 12, what is 12708 + -b?
126b9
In base 5, what is 10 - 342444?
-342434
In base 10, what is -123851 + 40?
-123811
In base 14, what is -9 + 2766?
275b
In base 8, what is -44343 - 47?
-44412
In base 2, what is -100 - -101010000000110010?
101010000000101110
In base 11, what is 23 - 6183?
-6160
In base 6, what is 54531 + 24?
54555
In base 5, what is -14100124 - 2?
-14100131
In base 7, what is -31 + 1040?
1006
In base 5, what is 402201 + 0?
402201
In base 14, what is -22118 - 0?
-22118
In base 11, what is -2939 + -263?
-30a1
In base 13, what is -89 - 41?
-ca
In base 13, what is -a9 - cc2?
-109b
In base 3, what is -1 - -210111012000?
210111011222
In base 15, what is -63 - -30d5?
3072
In base 13, what is 44 - 892c?
-88b8
In base 10, what is 93055 + -17?
93038
In base 2, what is -1010 + -10100111100000?
-10100111101010
In base 10, what is 94 - -41584?
41678
In base 12, what is -16 - 863?
-879
In base 13, what is -5 - -10320?
10318
In base 11, what is 243 - -580?
813
In base 8, what is -1405 + -1?
-1406
In base 16, what is -4 + 1faa3?
1fa9f
In base 9, what is 1146 + 1387?
2544
In base 14, what is -8 + 34b65?
34b5b
In base 7, what is -4 + 633200?
633163
In base 8, what is -37720 + -2?
-37722
In base 4, what is 3 - -10203313?
10203322
In base 5, what is -3 + -4022?
-4030
In base 14, what is -1 + -6654?
-6655
In base 13, what is 12c4a + 7?
12c54
In base 7, what is 22562 + 10?
22602
In base 11, what is -2a4 - 12?
-306
In base 15, what is -7 - -974b?
9744
In base 5, what is 3 - -33133010?
33133013
In base 4, what is -102 + -11303022?
-11303130
In base 4, what is -331 - 2201300?
-2202231
In base 16, what is -3 + -195a7?
-195aa
In base 6, what is 23100 + 1542?
25042
In base 15, what is -5 - -4c60?
4c5a
In base 3, what is -21201101 + -10002?
-21211110
In base 9, what is -164 + 713?
538
In base 10, what is -8 + -3684?
-3692
In base 10, what is -22 + -72763?
-72785
In base 11, what is 27 + 123548?
123574
In base 14, what is -1a + 150a?
14d0
In base 10, what is 3400 - 333?
3067
In base 9, what is -4 + 141565?
141561
In base 9, what is -28 - 47101?
-47130
In base 3, what is 20 + 10112010?
10112100
In base 8, what is 234210 + -43?
234145
In base 13, what is 3c7b5 - 16?
3c79c
In base 15, what is d4e23 - 5?
d4e1d
In base 3, what is 0 + -211210011221?
-211210011221
In base 11, what is -8174 + 8?
-8167
In base 11, what is 497 - 6aa?
-213
In base 13, what is -235 + 288?
53
In base 8, what is 0 - -640101?
640101
In base 7, what is 201 + 5331?
5532
In base 14, what is 259ca - -6?
259d2
In base 6, what is -224152 + -2?
-224154
In base 4, what is 2032330221 - 3?
2032330212
In base 5, what is -2 - 10242432?
-10242434
In base 16, what is -5b7 + 19?
-59e
In base 15, what is 1e83 + -c?
1e76
In base 8, what is 12 - -510462?
510474
In base 13, what is 86 - -a8?
161
In base 10, what is 3 + -15870?
-15867
In base 7, what is -164 + 4423?
4226
In base 2, wh